se 5 = 5*g, 0*t - g = -3*t + 47. What is the remainder when 47 is divided by t?
15
Calculate the remainder when (1 - 6)*-1*25 is divided by 16.
13
Let q(c) = -c - 29. Let m be q(0). Let a = -9 - m. Calculate the remainder when a is divided by 11.
9
Suppose -2*o + 3*f - 13 = 0, 2 = 3*o - 2*f + 9. Suppose -o - 4 = -r. Suppose r*d - 112 = -17. Calculate the remainder when d is divided by 10.
9
Let y = 86 - 15. What is the remainder when y is divided by 18?
17
What is the remainder when 3*(-4)/12*-65 is divided by 17?
14
Suppose 0 = -7*s + 151 + 10. Calculate the remainder when s is divided by 5.
3
Let k be -2 - 3/(12/(-56)). Calculate the remainder when 41 is divided by -1*(0 - -1) + k.
8
Let s(r) = 3*r**3 + 10*r**2 - 7*r + 2. Let g(b) = -5*b**3 - 19*b**2 + 15*b - 4. Let a(w) = 4*g(w) + 7*s(w). Calculate the remainder when a(5) is divided by 15.
13
Let f = -7 + 22. Calculate the remainder when 57 is divided by f.
12
Suppose 4*g - j = -0*j + 4, -4*g = -3*j - 4. Suppose b - 4*z - 16 = 0, -4*b - 5*z = -0*z - g. Calculate the remainder when b is divided by 3.
1
Suppose 0 - 15 = -3*r. Let g(h) = -21*h**3 - 2*h - 1. Calculate the remainder when g(-1) is divided by r.
2
Let h(k) = -k**3 + 5*k**2 - 4*k - 3. Let a be h(4). Let o(z) = 4*z + 0*z - z**2 + 4 + 3*z**2 + 0. What is the remainder when o(a) is divided by 4?
2
Suppose -3*a + 24 = -0*a. Calculate the remainder when 22 is divided by a.
6
Let p(w) = w - 1. Let f(y) = 8*y. Let q(z) = f(z) + 4*p(z). Suppose -3 = 3*s - 12. What is the remainder when q(s) is divided by 11?
10
What is the remainder when ((-387)/(-18))/(2/4) is divided by 16?
11
Let c(w) = 2*w**2 + 0 - 5*w + 2 - w**2 - 1. Suppose 2*o - 2*n - n - 29 = 0, 5*o = 5*n + 70. Calculate the remainder when c(-4) is divided by o.
11
Suppose 2*o - 4 = -3*m, 2*o = -m + 6 + 2. What is the remainder when 11 is divided by o?
1
Let u(t) = t**3 + t**2 + 4*t. Let m be u(3). Suppose 4*x - m = -4*y, 2*x + 16 = 3*x + 2*y. Calculate the remainder when 13 is divided by x.
5
Suppose 8 = -4*c, 0*o + 4*c = 4*o - 32. Suppose -a - u + o*u + 28 = 0, -2*a + 3*u + 28 = 0. Let m = 345 - 330. Calculate the remainder when m is divided by a.
7
Let x = -42 - -52. What is the remainder when 38 is divided by x?
8
Let m = 120 - 86. Calculate the remainder when 203 is divided by m.
33
Suppose -34 = -o + 5*h, -h + 159 = 4*o + 2*h. Suppose 100 = 3*q + 2*q. Calculate the remainder when o is divided by q.
19
Let d = 22 - 12. Let s be 465/d + (-2)/4. Let j = s - 12. What is the remainder when j is divided by 18?
16
Suppose 0 = -k - 3*k - 4. Let i be 2/((-2)/(-1)) + k. Suppose 2*w + 3*w - 40 = i. Calculate the remainder when 22 is divided by w.
6
Let w = 7 + 6. Calculate the remainder when 25 is divided by w.
12
Suppose 54 = 5*n - 121. Let j = -24 + n. What is the remainder when j is divided by 6?
5
Let f be 56 - (-4)/(4/3). Suppose -5*r + f + 11 = 0. Calculate the remainder when 27 is divided by r.
13
Suppose g = -2*f + 3*f - 10, g - 2 = -2*f. Let q = -3 - g. Calculate the remainder when ((-7)/2)/(q/(-6)) is divided by 4.
3
Let f(w) = -w - 6. Let b = -4 + -6. Calculate the remainder when f(b) is divided by 3*((-3)/3)/(-1).
1
What is the remainder when (40/12 + -3)*15 is divided by 0 - 3*1*-1?
2
Suppose -4*q - q + 25 = 0. Suppose -2*u + 0*l + 57 = -l, 3*u - q*l - 89 = 0. What is the remainder when u is divided by 10?
8
Let a = -7 - -4. Let k(h) = -h**2 - 2 + 2*h**2 + h**2 + 0*h**2 - 3*h. Calculate the remainder when k(a) is divided by 13.
12
Let h = 262 - 84. Let i = h - 318. What is the remainder when 24/10*i/(-6) is divided by 19?
18
Let d = 11 + 10. Calculate the remainder when d is divided by 8.
5
Let b(h) = -h**2 + 4*h - 1. Let v be b(2). Let o(r) = -r**3 + 6*r**2 + r - 1. Calculate the remainder when o(v) is divided by 15.
14
Suppose 5*k - 91 = -4*t, 0*k - 5*t + 52 = 3*k. What is the remainder when k is divided by 8?
3
Suppose j = -j + 76. What is the remainder when j is divided by (-2)/(-4) - 95/(-10)?
8
Suppose 11*l - 28 = 7*l. Suppose 38 = -3*b + 5*b. What is the remainder when b is divided by l?
5
Let m(a) = a - 19. Let d be m(8). Let w(j) = j**2 + 10*j - 6. Calculate the remainder when 9 is divided by w(d).
4
Let z be (0 + 1)/((-5)/(-15)). Let g = -2 + z. What is the remainder when g is divided by 1?
0
Suppose 2*b - b - 2 = 0, 0 = -t + 3*b + 100. Calculate the remainder when t is divided by 36.
34
Suppose 16*l = 312 + 24. What is the remainder when l is divided by 9?
3
Let d(z) = -z + 80. Suppose 2*o = -0*o. What is the remainder when d(o) is divided by 27?
26
Let z be ((-4)/2 + 2)/1. Suppose z = -4*m - 5*r + 121, -5*r - 21 - 32 = -2*m. What is the remainder when m is divided by (-5)/(3/2 + -2)?
9
Let t = 7 - -11. Suppose 3*l - 98 + 560 = 0. Let m = -101 - l. What is the remainder when m is divided by t?
17
Let o = -75 - -95. Calculate the remainder when o is divided by 11.
9
Suppose 25*i + 240 = 35*i. What is the remainder when i is divided by 23?
1
Let w(r) = -2*r**2 + 25*r - 6. Let o(m) = -m**2 + 12*m - 3. Let c(u) = -13*o(u) + 6*w(u). Calculate the remainder when c(8) is divided by 7.
5
Suppose 0 = 5*a - 7 - 8. Let b = -11 + 15. Calculate the remainder when b is divided by a.
1
Let b be 1 + 1 + -5 + 0. Let w be ((-8)/3)/((-1)/b). Calculate the remainder when 17 is divided by (-1 + 10)*w/(-12).
5
Let p(c) = -12*c - 8. What is the remainder when p(-3) is divided by 6?
4
Suppose a - 2*o - 14 = 0, a + 0*a = -o + 20. What is the remainder when a is divided by 10?
8
Let p(c) = -c**3 - 5*c**2 + 5*c - 5. Let j be p(-6). Calculate the remainder when 2*j*(-72)/(-12) is divided by 5.
2
Let i(g) = 2*g**2 - g + 1. Let j be i(3). Suppose l - 12 = j. Suppose 0*o + 20 = 2*o. Calculate the remainder when l is divided by o.
8
Let x(f) = -f**2 + 6*f - 5. Let v be x(5). Suppose v = -0*p - 4*p + 8. Calculate the remainder when -1 + 2 + -1 - -3 is divided by p.
1
Suppose 125 = m - 3*d, 6*m - m - 3*d = 637. Calculate the remainder when m is divided by 44.
40
Suppose 2*t - 4*u = 32, 3*u - 8*u = 3*t - 15. Calculate the remainder when 13 is divided by t.
3
Suppose -3*y = 3*h - 63, 3*h + 5*y - 53 - 4 = 0. Calculate the remainder when h is divided by 9.
6
What is the remainder when 96 is divided by ((-29)/(-2))/((-4)/(-8))?
9
Let d(w) = -42*w + 3. Calculate the remainder when 177 is divided by d(-1).
42
Let k = -14 + 23. Suppose 5*y - k = 6. Suppose 0 = 5*f - 15, -x + 0*x + y*f = -13. Calculate the remainder when x is divided by 8.
6
Let l(t) = 4*t**3 - 4*t**2 + 3*t. Let k be l(2). Let s be 2/7 + 74/(-14). Let p = s + k. Calculate the remainder when 33 is divided by p.
16
Suppose -9 = -4*y + 123. Let b = y - 18. What is the remainder when 59 is divided by b?
14
What is the remainder when (-6)/24*-548 + -6 is divided by 19?
17
Suppose 4*j - 32 = -8. Calculate the remainder when j is divided by 4.
2
Suppose 0 = 3*n - 0*n - 123. Suppose -52 = -7*m + 3*m - 4*l, -3*m - 2*l = -44. Let c = m - 4. What is the remainder when n is divided by c?
13
Let d be 211/(-7) - 2/(-14). Calculate the remainder when 5 is divided by ((-24)/d)/(4/10).
1
Suppose 5*t - 25 = -4*n - 120, 0 = n - 4*t + 29. Let l = -14 - n. What is the remainder when 41 is divided by l?
8
Suppose 0 = j + 3, -3*p + 32 = 3*j - 286. Calculate the remainder when p is divided by 22.
21
Let c = 5 - 5. Suppose c*f + 3*f = 30. Calculate the remainder when f is divided by 4.
2
Calculate the remainder when (-1326)/(-85) + 4/10 is divided by 6.
4
Let q(v) = 2*v + 7. Let d = -69 - -74. Calculate the remainder when q(6) is divided by d.
4
Suppose -29 + 9 = -5*x. Let v = x + -3. Calculate the remainder when v is divided by 1.
0
Suppose 0 = 4*l - l + 18. Suppose 0*n - 5*n = 10, 2*r = -2*n + 22. Let v = l + r. Calculate the remainder when 12 is divided by v.
5
Let d(r) = -19*r - 3. Let l(o) = -2*o**2 + 4*o - 2. Let f be l(2). What is the remainder when d(f) is divided by 18?
17
Suppose -s = -i + 5*i - 16, 4*i = -5*s + 32. Suppose 4*w = k + 317, -3*w + 109 + 125 = i*k. What is the remainder when w is divided by 27?
25
Suppose 3*u = -4*m - 2*u + 35, 5*m - 40 = -5*u. Calculate the remainder when m is divided by (4 - 1)/(-2 - -3).
2
Let i be 3 + -5 + 3*7. Calculate the remainder when i/2 - 4/8 is divided by 6.
3
What is the remainder when 10 is divided by -1